5, -3*x - 2*h + 3*h = -1. Let d(p) = 112*p + 1568. Let b be d(-14). Is (x - b) + 977 - 2/1 a composite number?
True
Let r be (2 - 48/9)/((-6)/4221). Suppose -v + 5*u + 1199 = -1114, r = v + 3*u. Is v a composite number?
False
Suppose 0 = 2*v + 4*f - 1033494, 0 = 5*v - 5*f + 40173 - 2623983. Is v prime?
True
Let c = 331254 - 102925. Is c prime?
False
Is -49*31/(-651)*629301/7 a composite number?
False
Let n(x) = -11*x**3 - x**2 - 2*x - 4. Let l be n(-2). Let m = 147 - l. Suppose -258 = -2*p + 5*y - m, -3*y - 100 = -p. Is p prime?
False
Let u(l) = 2*l + 35. Let c be u(1). Suppose 5*w + 32*y - c*y - 3365 = 0, 1370 = 2*w + 4*y. Is w composite?
False
Is (-52146120)/(-2520) - 2/(-21) a prime number?
True
Let n(x) = x**2 - 5*x - 3. Let v be n(6). Suppose 0 = -4*h + 5*g + 348, 0 = -3*h + 3*g + 359 - 95. Suppose h + 55 = v*c. Is c composite?
True
Let z(s) = -158*s**2 - s - 4. Suppose 2*h = -4*o - 20, 0 = -o - 1 - 3. Let j be z(h). Let v = j + 1373. Is v a composite number?
False
Let x(o) = -482*o**3 - 33*o**2 - 74*o + 47. Is x(-14) prime?
True
Let z(w) = 360*w**2 - 17*w + 1178. Is z(23) composite?
False
Let q(i) = i**3 + 2*i**2 + 23*i - 12. Let o be q(16). Suppose -4*t - 2*r = -o, 0 = t + 4*r - r - 1231. Is t composite?
True
Suppose -51*k = -48*k - 6. Let o = k + 365. Is o a prime number?
True
Suppose -2*l + l - 10 = 0. Let v(a) = -17*a + 3*a - 33 + 6. Is v(l) a composite number?
False
Let c = 61079 - 36466. Is c a prime number?
False
Let l be 4 + (-31)/7 - (-80156)/14. Suppose 5*u + 5*f = 2127 + 12173, 0 = 2*u - 3*f - l. Is u a composite number?
False
Let x(t) = 1312*t**2 - 2199*t + 11. Is x(6) prime?
False
Suppose 8*j + 6 = 22. Let n be (-4 + j)*(-573 - 3). Suppose 2*x - 2340 = 2*k, -x - 2*k = 3*k - n. Is x a composite number?
True
Suppose -224*y + 46145616 = -30935248. Is y prime?
True
Suppose 3*v - 7*v - 120 = 0. Let h = v + 26. Let q(g) = -11*g**3 + 6*g**2 + g - 9. Is q(h) composite?
False
Let x = 205705 + -125744. Is x prime?
False
Suppose 436*s - 1337163 = 379*s. Is s prime?
True
Suppose 0 = 182*j - 163*j - 232845. Suppose -21932 = -5*k - 5*t + 39323, k + 2*t = j. Is k prime?
False
Suppose -5*t + z + 2*z + 61476 = 0, 4*t = -2*z + 49172. Let u = t + -6389. Is u a prime number?
False
Suppose -884*h = -554*h - 254739210. Is h composite?
False
Let k = 47 - 1893. Let c = -527 - k. Is c prime?
True
Let f be -313*45/10*-4. Let s = f - 2485. Is s a composite number?
True
Let a(k) = 45*k**2 - 7*k + 69. Let s be a(-10). Let q = 2512 + s. Is q prime?
True
Let r(w) = 404*w**2 - 11*w + 135. Let o be r(13). Is ((-5)/(-4))/((6/2)/o) composite?
True
Let o(d) = 2*d - 11. Let b be o(7). Is (b - 0)/(-18) + 31331/102 composite?
False
Let c = -356 + 212. Let k = -95 - c. Is (5 + -4)*4 + k a composite number?
False
Suppose -1185*z + 6356 = -1181*z. Let f = 2676 - z. Is f a prime number?
True
Let j = 139 + -131. Suppose -j*z + 37165 = -3*z. Is z a composite number?
False
Suppose -1292130 = -4*c + g, -5*c + 2607267 = 4*g + 992094. Is c a prime number?
False
Suppose -3 = 47*s - 46*s. Let w(y) = 394*y**2 - y - 9. Let g be w(s). Suppose -454 = 2*q - g. Is q a composite number?
False
Suppose 0 = -4*x + 2*l + 424174, 0 = 867*x - 870*x + 4*l + 318133. Is x a prime number?
False
Let r(i) = i**2 + 2*i - 1. Let w be r(-4). Let k(n) = -n**2 - 121*n - 13. Let j be k(-61). Suppose w*h - 2604 = j. Is h prime?
False
Let u(h) = -h**3 - 10*h**2 + 18*h + 3. Let d be u(-11). Let s = d + 28. Is s/4*4*(-106)/4 a composite number?
True
Suppose -84165 = 5*c - x, 5*c + 67326 = c + 2*x. Is (c/57)/(2/(-3)) composite?
False
Let a = -3 + 8. Let j(k) = 1494*k - 495*k - 5 - 503*k + 36*k**2 - 13 - 495*k. Is j(a) prime?
True
Let n = -232 + 685. Let h be (-26)/(-39)*(n + 0). Let d = h + 263. Is d composite?
True
Suppose -2*o = -0*o - 0*o. Let l be (42/(-12) - -3)*(o - 2538). Suppose 3*j - l = 822. Is j a composite number?
True
Let j(z) = 90*z**3 + 25*z**2 + 8*z + 170. Is j(15) a composite number?
True
Suppose 8*t = 2*w + 815048, 0*t + 5*w = -t + 101923. Is t prime?
False
Suppose 1107101 = 3*d - 4*f, -5*f + 107738 = -d + 476746. Is d a composite number?
True
Suppose 135*q = 126*q + 45594. Let b = 1397 + q. Is b prime?
False
Suppose -t = t - 100. Let w = 54 - t. Suppose w*u - 8 = 324. Is u a composite number?
False
Suppose -2*o - 2*x + 1514 = 0, -5*x - 2301 = -3*o - 2*x. Is -6 - o/(-6) - 2 composite?
True
Suppose -64*c = 443138 - 1428930. Is c a prime number?
False
Let p(f) be the second derivative of -113/6*f**3 + 2*f + 0 + 0*f**2. Is p(-2) prime?
False
Let f = 26 + -16. Let s be (-4)/20 + 72/f. Suppose -s*m + 5*m = -898. Is m a composite number?
False
Let g(n) be the first derivative of -6*n**2 - n - 101. Let j(t) = -t**2 - t + 4. Let w be j(-4). Is g(w) a prime number?
False
Let r(z) = 66*z**2 + 7*z - 2 + 7*z - 5*z. Suppose 307*i - 18 = -3*c + 310*i, -2 = -c - 3*i. Is r(c) composite?
False
Suppose -3*y = -y - 8. Suppose 5*f = -3*h + 11, 0 = 4*h - 0*h - y*f - 4. Suppose -k + 665 = 2*m, -1332 = -h*k - 5*m + 2*m. Is k a composite number?
True
Let u = -8 + 14. Suppose -9*n + 3*n = -u. Is 3 + (1176 - n - -2) + 1 a composite number?
False
Is ((-4)/3 - 0)/(56/(-492702)) a prime number?
True
Is (-404577)/6*((-200)/(-15) + -14) a prime number?
True
Suppose 2*z + 13 = 5*x - z, -3*x - 5*z + 1 = 0. Is (2723 - x)*(-9)/(-27) prime?
True
Let t = -25 - -40. Let w = 15 - t. Suppose w = 4*x - 4*y - 1192, 3*x + y = 6*y + 886. Is x prime?
False
Suppose -2*m = 5*s - 5 - 14, -5*m + 32 = -3*s. Suppose m = 5*v - 18. Suppose -5*o + 3241 + 5969 = -v*l, 5*l = -4*o + 7413. Is o a composite number?
False
Suppose 15*k + 2*c = 12*k - 1, -30 = -5*k + 3*c. Suppose 1314 = -0*a + 3*a. Suppose -k*j - 230 = -2*b, 4*b - a = 3*j + 22. Is b prime?
False
Let a = 33801 - -29420. Is a a prime number?
False
Let v = -15554 + 41155. Is v prime?
True
Let v(s) = 18*s**3 + 7*s**2 + 6*s - 14. Let d(a) = -38*a**3 - 15*a**2 - 12*a + 29. Let m(f) = -4*d(f) - 9*v(f). Is m(-6) composite?
True
Let t(w) = -w**3 + 19*w**2 + 114*w + 149. Let y be t(24). Suppose -2*d + 15183 + 9917 = 0. Suppose d = 5*v + y*v. Is v a prime number?
False
Let p be (-10497)/(-9) - (-5)/(-15). Suppose 3*m = 5*m - p. Let v = 837 - m. Is v prime?
False
Let o = -46 - -49. Is (7/o)/((-50388)/(-5598) - 9) composite?
True
Let m(b) be the third derivative of b**6/60 + 7*b**5/15 - b**4/2 - 25*b**3/6 - 80*b**2. Is m(-14) a prime number?
False
Let x(y) = 424*y**3 + 2*y**2 + 3*y. Let p be x(-1). Let l = 1060 + p. Is l a composite number?
True
Suppose -2313423 = -3*r + 2*m, -19*r = -14*r + m - 3855718. Is r a prime number?
True
Let c = -827535 + 1349134. Is c prime?
False
Let r = -80 - -82. Suppose 0 = r*w + m - 4515, 2*w - 5*m = 1863 + 2646. Is w a prime number?
False
Suppose -3*w = 3*m - 2*m - 1889, -m + 1865 = -5*w. Suppose 4*o = c - 1487, o - m = 6*o + 3*c. Let k = o - -1632. Is k a prime number?
True
Let c(i) be the second derivative of 17*i**4/12 + 19*i**3/3 - 21*i**2/2 - 48*i. Is c(-14) composite?
True
Suppose 83686 = 2*n - 136*z + 132*z, 0 = -3*n - 3*z + 125592. Is n prime?
False
Suppose -98 + 82 = -8*g. Suppose 15*i = 10*i - l + 24112, g*i - 9636 = 4*l. Is i prime?
False
Let u(j) = -j**3 - j**2 + 5*j + 5. Let h be u(-2). Is (-1 - -2)/(h/7355*-5) composite?
False
Let g(i) = -11*i**3 - 7*i**2 - 10*i - 23. Let w be g(-4). Let o = 715 - w. Is o a composite number?
True
Is 62197543/299 + 24/52 a prime number?
False
Let w = 16764 + 6989. Is w a composite number?
False
Let k be 1/(-2 - (-20)/8)*150. Let s = 133 + k. Suppose 7*m - 4*m - 448 = 5*x, -3*m + 2*x + s = 0. Is m composite?
True
Let h = -125 + -6906. Let y = h + 13480. Is y a composite number?
False
Let w = 292 + -290. Is -7 + 6 + 4096*w composite?
False
Is ((17/3)/17)/(1/1888089) a prime number?
False
Suppose -w - w + 8 = -2*c, -3*w - 4*c = 2. Let v be 4/(16/20) - 6/w. Suppose -5*d + v*r + 1973 = -2*r, -4*d + 1582 = -2*r. Is d prime?
True
Suppose 137*t - 67024 = 129*t. Let d = t - 4945. Is d a composite number?
False
Let r(p) = p**3 - 4*p**2 - 3*p + 5. Let l be r(5). Is l/((-675)/36) + 52949/5 a prime number?
True
Let t be 8 - (-8)/(-20)*(-4 - 1). Let l(u) = -4 + 972*u - 9 + 4 - t. Is l(3) composite?
False
Suppose -5*u - 100038 = -2*o, -11*u = -7*u. Suppose 0 = 3*x - 6*x + o. Is x prime?
True
Let d = 235 + 4457. Let w = 11971